e i/4*(-1 + -1). Let q = 62 + z. List the prime factors of q.
31
Let d = -255 - -943. Suppose 6*i - d = i - 3*f, -407 = -3*i + 4*f. List the prime factors of i.
137
Let p = 18 + -18. Suppose -v - 87 = -4*v + 4*z, 5*v + 5*z - 110 = p. Let i = v - 21. List the prime factors of i.
2
Suppose -n - 2 = 0, 4*x - 1762 - 684 = 5*n. What are the prime factors of x?
3, 7, 29
Suppose 5*q = m + 4*m + 20, 8 = -5*q - 2*m. What are the prime factors of 102 + (5 + q)/(-5)?
101
Let q = -20 - 10. Let i = 66 + q. What are the prime factors of i?
2, 3
Let g be (18/(-1) - 4) + -3. Let u(z) = -2*z - 27. List the prime factors of u(g).
23
Suppose d = -d - 8. Let k be d/(-18) + (-2)/9. Let z(i) = i + 29. List the prime factors of z(k).
29
Suppose 3*f - 8 + 29 = 0. Let y be (12/f)/(14/(-98)). Let l = 0 + y. List the prime factors of l.
2, 3
Let w = 3616 - 2347. What are the prime factors of w?
3, 47
Let t be (-10)/(-40) - (-539)/4. Let x be (-2)/9 + (-1455)/t. Let m = x + 49. List the prime factors of m.
2, 19
Let a be 0*(-4 - 28/(-8)). Let j(r) = -2*r - 6. Let m be j(a). List the prime factors of (2/m)/((-12)/1656).
2, 23
Suppose -5*d = 26 + 4. What are the prime factors of (-214)/d + 12/(-18)?
5, 7
What are the prime factors of (-109 - -2370) + 4*1?
3, 5, 151
Let j(n) = -4*n**3 - 2*n + 7. Suppose -4*d = -7*d - f - 12, 0 = -d - 2*f - 9. What are the prime factors of j(d)?
11
Let v = 644 - 374. Suppose 271 = 5*y - 4*r, -5*r + 0*r - v = -5*y. What are the prime factors of y?
5, 11
Suppose -4 = -l - 0, 0 = -5*s + l + 1431. List the prime factors of s.
7, 41
Let y(h) = -2*h. Let v(g) = -g + 6. Let f be v(12). Let r be y(f). Suppose l - r = 4. List the prime factors of l.
2
Suppose 0 = 4*m - 24 - 72. What are the prime factors of ((-146)/4)/((-100)/m + 4)?
3, 73
Let l(k) be the second derivative of -3*k**5/20 + k**4/12 - k**3/3 - k. What are the prime factors of l(-2)?
2
Let m(q) = 4 + 1 - 4 + 5*q + 5. List the prime factors of m(3).
3, 7
Suppose -3*j + 1 - 7 = y, -4*y = 4*j. Let z = -6 + 4. What are the prime factors of ((-2)/z)/(j/(-45))?
3, 5
Let d = 11698 + -6418. List the prime factors of d.
2, 3, 5, 11
Let b(h) = h**2 - 6*h. Let c be b(5). Let y(d) = d**2 + 2*d + 7. Let m be y(c). List the prime factors of m/1 + 4 + -1.
5
Let m(a) be the second derivative of 0*a**2 + 0 - 5/6*a**3 + 10*a. List the prime factors of m(-5).
5
Let b(d) = 19*d**2 + 4*d + 4. Suppose -o - o - 13 = h, 4*h = 4*o + 8. Let v be b(h). Let s = v + -96. What are the prime factors of s?
67
Suppose 3*x + 110 = -0*g + 5*g, g + 2*x - 35 = 0. Let s = 52 - 36. Let q = g - s. What are the prime factors of q?
3
Let r = 261 + -250. What are the prime factors of r?
11
What are the prime factors of 3043 + ((-11)/(-7 + 6) - 6)?
2, 3, 127
Let n(d) = d**3 - d**2 - d. Let y be n(0). Suppose 6*f = -y*f + 528. Suppose 5*s - p - f - 83 = 0, s - 47 = -3*p. List the prime factors of s.
5, 7
Let p = -941 + 1823. List the prime factors of p.
2, 3, 7
Let b be -2*(-4 + 36/8). List the prime factors of b + (-1 - -92)*1.
2, 3, 5
Let n be 2/(-5) - 72/(-5). Suppose 2*t - h = 1, t + 0 = 5*h + n. List the prime factors of t*(2 + 12)*-1.
2, 7
Suppose 9*p - 3174 = 3*p. What are the prime factors of p?
23
Suppose -3*g + 8*g + 5*x = 11340, 5*x = -5. Suppose 0 = -7*z + g - 666. What are the prime factors of z?
229
Suppose 9*c - 8*c + 28 = 0. Let t = c + 46. Let k = -1 + t. What are the prime factors of k?
17
Suppose 0 = -2*t + 4*m + 128, t + 3*m + 198 = 4*t. Suppose 2*h - 92 = r + t, 85 = h + 2*r. List the prime factors of h.
3
Let l be (-1458)/(-5) - 24/(-60). Let k = -203 + l. List the prime factors of k.
89
Let w(l) = l**2 - 5*l - 4. Let x be w(6). Suppose x*i + 2 = -2. List the prime factors of (22/33)/(i/(-123)).
41
Let q(u) = u**2 + u - 1. Let j(x) = 7*x**2 + 13*x - 10. Let w(t) = j(t) - 6*q(t). Let c be w(-9). What are the prime factors of 2/(-7) + 466/c?
3, 11
Let l(x) be the second derivative of x**5/20 + 7*x**4/6 - 10*x**3/3 - 6*x. Let h be l(-15). Suppose 4*v - v = h. List the prime factors of v.
5
What are the prime factors of ((-281604)/(-124))/((0 - -1) + 0)?
3, 757
Let t(i) = i**2 - i. Let v be t(1). Suppose -4*x + 128 = -4*a, v*a = a + 5*x + 8. Let u = 61 + a. List the prime factors of u.
3, 11
Let y be (1 - 28/24) + (-33)/18. List the prime factors of -237*1/(-3) + y.
7, 11
Let k(x) = 6*x + 4. Let l be k(-4). Let v = l - -73. List the prime factors of v.
53
Let l(g) = -3*g**2 - 4 + 2*g**2 + 10*g + 1 - 4. Let q be l(9). Suppose -3*p + q*p + 9 = 0. What are the prime factors of p?
3
Suppose -4*b + 1208 = 4*y, -2*y = 2*b - 6*b + 1220. What are the prime factors of b?
2, 19
Let f = -151 + 103. Let k = 110 + f. What are the prime factors of k?
2, 31
Let d be (2 - 1*114) + -1. Let v = 77 + d. Let n = 7 - v. List the prime factors of n.
43
Let n be (60/35)/(2/49). Let z = 54 - n. List the prime factors of z.
2, 3
Let h be -18*(2/(-6) - 0). Let a(q) = q - 11. Let o be a(h). Let u = 7 - o. What are the prime factors of u?
2, 3
Let g = -502 + 1099. What are the prime factors of g?
3, 199
Suppose b = -b + i + 15, 3*i - 43 = -5*b. Suppose 0 = -4*k - 0*k + b. Suppose 5*j = 3*g - 59 + 151, 0 = -3*j + k*g + 55. What are the prime factors of j?
19
Suppose 2*o - 10 = -4*l, 0*o - 68 = -4*o + 4*l. Let u = -4 + o. Suppose u*i - 105 = 4*i. What are the prime factors of i?
3, 7
Let r be -1 - (236 + -3 + 0 - -3). Let u = -109 - r. What are the prime factors of u?
2
Suppose -n - 4*z - 1 + 4 = 0, 32 = 5*n + 3*z. Let d = 4 - n. List the prime factors of d + 29/1 - -3.
29
Suppose 6*t - 2*t = 20, 0 = f + 2*t - 590. What are the prime factors of f?
2, 5, 29
Suppose 4*s - 2*l - 277 = 361, l = -2*s + 317. Suppose -4*u + s = -101. Let q = u - 36. List the prime factors of q.
29
Let n(w) = w**2 - w. Let l be n(2). Let h be (-3)/l + 27/6. Suppose 3*f - 6 = 0, h*f - 58 = -4*k - 2*f. What are the prime factors of k?
2, 3
Let l(x) = -4 - 9*x - 2*x**3 - 11*x - x**2 - x**2 + 22*x. What are the prime factors of l(-3)?
2, 13
Let j(p) = p**2 + 9*p + 13. What are the prime factors of j(-15)?
103
Suppose -35 = -3*s - 2*c - 0*c, -3*c - 24 = -4*s. Let t = s - -7. List the prime factors of t.
2
Let y(p) = 4*p + 4*p - 9 - 6*p. What are the prime factors of y(6)?
3
Let s(l) = -11*l - 10. Let p be s(-2). Suppose 0 = p*f - 13*f + 109. What are the prime factors of f?
109
Let b = 22 - -10. What are the prime factors of (b/(-1) - -3)/(-1)?
29
Suppose 17*m - 85786 = -27153. List the prime factors of m.
3449
Suppose -32*b + 51459 = -16125. List the prime factors of b.
2, 3, 11
Let d = 1068 + -1005. List the prime factors of d.
3, 7
Let n(t) = -22*t + 4. Let m(q) = -23*q + 4. Suppose 3*z - 5*y = -6, 5*z + 2*y + y = -44. Let a(c) = z*m(c) + 6*n(c). What are the prime factors of a(2)?
2, 3
Suppose -2*v + 574 = -694. List the prime factors of v.
2, 317
Let q = -32 - -29. List the prime factors of (-159)/4*4/q.
53
What are the prime factors of (-6 + 2 - 1) + 575*1?
2, 3, 5, 19
Suppose 0 = -19*q + 13*q + 6306. What are the prime factors of q?
1051
Suppose 7*j = 6*j + 52. Suppose -n - s - 3*s + 14 = 0, 5*n = -2*s + j. What are the prime factors of n?
2, 5
Let p be (-3)/5 + 6/10. Suppose 4*j - 156 = -p*j. What are the prime factors of j?
3, 13
Let o(u) = 91*u + 18. Let y be o(5). Let l = y - 292. What are the prime factors of l?
181
Let j = -25 + 29. Suppose j*l = 9 - 1, -2*l + 22 = 3*r. List the prime factors of r.
2, 3
Let p be -6 - -5 - -1 - (2 + -22). What are the prime factors of (p/2)/(1/32)?
2, 5
What are the prime factors of (-2)/(-14) - (21921/(-21) + 5)?
1039
Let y(d) = 786*d**2 + 10*d + 8. List the prime factors of y(-1).
2, 7
Let i(f) = 2*f**3 - 4. Let d(v) = v**3 - v - 3. Let p(u) = u**3 + 4*u**2 + 3*u + 1. Let j be p(-2). Let l(c) = j*d(c) - 2*i(c). List the prime factors of l(-3).
5, 7
Let i be 238*(-2)/8*6. Let a = -201 - i. What are the prime factors of (-2)/(-3) - a/(-9)?
2, 3
Suppose -19*r - 2*r = -13461. What are the prime factors of r?
641
Let l = -2168 + 3555. List the prime factors of l.
19, 73
Suppose 0 = -2*z - 3*z + 20. Suppose -n = n + z*w + 8, -3*n = w - 8. Suppose h - n*h = -111. What are the prime factors of h?
37
Let n = -1014 + 1628. List the prime factors of n.
2, 307
Let b be (-90)/(-24) + 6/(-8). Let a(d) = 1 - 8*d + b + 1. List the prime